pose -i*h + 56 = -x - 4*x, -5*h - 3*x = -70. What is the greatest common divisor of 56 and h?
14
Suppose -5525*t - 40 = -5526*t. Calculate the greatest common factor of t and 320.
40
Let q(h) = 229*h - 1022. Let r be q(6). What is the highest common divisor of 968 and r?
88
Suppose 2*y + 1 = y. Let u = 3 - y. Suppose -3*b = -5*z - 127, 0 = 3*b + 3*z + 2*z - 137. Calculate the highest common divisor of u and b.
4
Let q = -38 + 54. Let w = -53 + 85. Calculate the highest common factor of q and w.
16
Suppose 0 = 2*d + 3*v - 39, 4*d + 5*v = -0*d + 73. Let w = 17 - d. Calculate the highest common factor of 15 and w.
5
Let x(r) = 2*r**2 + 5*r - 2. Let w be x(-4). Suppose -2*c + 48 = -6*c. Let q be (-238)/(-3) - 0 - 8/c. Calculate the highest common divisor of q and w.
10
Let d = -268 + 331. Calculate the greatest common divisor of 42 and d.
21
Let u be -1 + -87 - 0/(-5 + 2). Let p = -63 - u. What is the highest common divisor of 10 and p?
5
Let z(n) = 2*n**3 - 3*n**2 - n + 3. Let p be z(2). Let h(v) = -v**3 - 11*v**2 - 12*v - 15. Let q be h(-10). Calculate the highest common divisor of p and q.
5
Let n be (-17 - 2 - (6 + -3))*-3. Suppose -m - 3*l + 48 = 0, m + 4*l = -8 + 61. Calculate the greatest common divisor of n and m.
33
Let v be (((-168)/(-49))/1)/(4/84). Calculate the greatest common divisor of v and 120.
24
Let s be 3 + -3 + (-5)/(-1) + 0. What is the greatest common factor of s and 180?
5
Let r(v) = -3*v - 6 - 144*v**2 + 145*v**2 + 2. Suppose -5*d = -a + 29, 2*d + 6*a - 3*a - 2 = 0. Let o be r(d). Calculate the greatest common factor of 24 and o.
12
Let o be 4/22 + (-6918)/(-66). Let b be 3 - (3 + (3 - 45)). Calculate the greatest common divisor of o and b.
21
Let m(h) = 8*h**2 - 14*h - 4. Let c be m(5). Calculate the greatest common factor of 42 and c.
42
Let p(q) = -q**3 + 22*q**2 - 38*q + 46. Let l be p(20). Calculate the greatest common divisor of 301 and l.
43
Suppose -2576 = 159*c - 166*c. Calculate the greatest common divisor of 92 and c.
92
Let a(i) = -39*i - 1. Let u be a(-1). Let l be (14 + 7 - 31) + (0 - -314). What is the greatest common factor of l and u?
38
Suppose 391 = 5*m + 3*b - 218, 0 = 2*m - 4*b - 228. Let v = 50 + -85. Let k = m - v. Calculate the highest common divisor of 62 and k.
31
Let o be (-276)/(-2) - (6 - -3 - 3). What is the highest common factor of 231 and o?
33
Let s = 51 + -42. What is the greatest common factor of s and 33?
3
Suppose 3*s - 29*i = -24*i + 174, 3*i = 4*s - 243. Calculate the greatest common divisor of 1890 and s.
63
Let i = 45 - 19. Let b be 13/(-26)*(-547 + 1). Suppose m - b = -6*m. What is the greatest common divisor of i and m?
13
Let k(r) = r**3 - 14*r**2 - 14*r - 11. Let g be k(15). Suppose -g*t + 8*t + 20 = a, t = 3*a - 71. What is the highest common divisor of a and 16?
8
Let v be (8/(-10))/((-4)/(-1140)). Let g = -24 - v. Suppose 20 = 4*r - g. What is the highest common factor of 8 and r?
8
Let m be (-55738)/(-290) + 2/(-10). Calculate the greatest common divisor of m and 864.
96
Let p = 1744 + -1733. Suppose 3*x - 534 = -4*f, 3*f + 0*x = x + 394. Suppose 2*i = 6*i - f. What is the greatest common factor of i and p?
11
Let a be 14/2*(-3 + 5). Let u = 47 - a. Let n be 0 - (-11)/(u/378). What is the greatest common divisor of n and 14?
14
Let p = 39 + -37. Let x = -1 - -7. Suppose -p*f = -x*f + 720. Calculate the highest common divisor of f and 20.
20
Let z(g) = 6*g**3 - 3*g**2 + 2*g. Let v be z(2). Suppose 3*b = -b + v. What is the greatest common divisor of b and 40?
10
Let z(y) = y**3 + y**2 - 4*y + 8. Let v be z(2). Calculate the highest common factor of 60 and v.
12
Let z be (3/(6/(-14)))/1. Let o(v) = -3*v + 3. Let g be o(z). Suppose -4*s - y + 37 = -s, -3*s + 35 = -y. What is the greatest common divisor of g and s?
12
Let x(r) = 4*r. Let y be x(1). Let k be (2 + -26)*y/(-6). Let h = k - 10. Calculate the greatest common factor of h and 54.
6
Let h = 1144 + 559. Suppose -10*d + h = -1247. Calculate the greatest common factor of 59 and d.
59
Let d be (-1)/(-4*(-5)/20). Let k = 12 + d. Calculate the highest common divisor of k and 2.
1
Let q = 176 + -372. Let n = q + 306. Suppose 0 = -4*j + 5*w + 65, -3*j - 35 = -5*j + 3*w. What is the greatest common divisor of n and j?
10
Let i = -1010 + 1014. What is the greatest common divisor of i and 764?
4
Suppose -48 - 85 = -19*v. What is the greatest common divisor of 140 and v?
7
Suppose -14*r = -119 - 91. Let a(i) = i**2 - 3*i - 4. Let g be a(6). Let h be g/(3 - r/6). Calculate the highest common factor of h and 14.
14
Let g = -381 - -525. Calculate the greatest common divisor of 42 and g.
6
Let k be 191/3 - 10/(-30). Suppose 0*s - k = -4*s. Let z = -5 + s. Calculate the highest common divisor of 11 and z.
11
Let f be -1 + (10 - (2 - -1)). Let w = 24 + f. Let v = 9 - 3. Calculate the highest common factor of v and w.
6
Let k = 15 - 33. Let h be 2/7 + (-2394)/147. Let f = h - k. Calculate the highest common factor of f and 14.
2
Suppose 5*u = -83*j + 84*j + 805, -5*j = u - 135. What is the greatest common divisor of u and 260?
20
Suppose 4*u = -2*j + 20, -u + 50 = 5*j - 0*j. Calculate the greatest common factor of j and 64.
2
Let o = 34 + 10. Calculate the highest common divisor of 4 and o.
4
Let f(y) = 2*y**2 + 18*y + 17. Let z = -44 + 31. Let p be f(z). What is the greatest common factor of p and 11?
11
Let d(o) = -o + 26. Let g(i) = -i - 3. Let h be g(-3). Let x be d(h). Suppose -4*c + 2*c + x = 0. Calculate the highest common divisor of 104 and c.
13
Suppose -2*u + 3*v + 23 = 2*u, 2*v = 2*u - 14. What is the greatest common divisor of 134 and u?
2
Let q(o) = o**2 + o - 30. Suppose 26 = -6*v + 9*v - 5*i, v + i - 6 = 0. Let u be q(v). Calculate the greatest common factor of 78 and u.
26
Let l be (-1)/3 - 14/(-6). Suppose 0 = l*o + 15 + 19. Let j = o + 24. What is the highest common divisor of 21 and j?
7
Suppose -4*g + 4*d = -6144, -4*g = -26*d + 21*d - 6141. What is the greatest common factor of g and 57?
57
Suppose 296 = 11*a - 254. Calculate the greatest common factor of a and 75.
25
Suppose -l = -3*l. Suppose l = -2*u + 35 + 73. Suppose -5*g + 83 = -7. Calculate the greatest common divisor of u and g.
18
Suppose -4*s = -2*g + 438 + 244, -4*g + 1377 = 5*s. Calculate the highest common factor of 7 and g.
7
Suppose 0 = 4*s + 2*s + 204. Let j = 72 + s. Calculate the highest common factor of 304 and j.
38
Suppose 152 = 19*k + 76. What is the greatest common divisor of 18 and k?
2
Suppose q - w = -0*w + 4, 0 = -q + 5*w + 16. Let x be -3*q/(3/(-4)). Suppose -x*g + 13 = -7. What is the greatest common factor of 35 and g?
5
Let a(p) = -34*p**3 + 2*p**2 + 2*p + 1. Let l be a(-1). What is the greatest common divisor of 1365 and l?
35
Suppose -4*k = 5*l + 81 - 7, 2*k + 2*l + 36 = 0. Let w be (336/9)/(4/306). Let d be k/(-40) - w/(-10). Calculate the highest common divisor of 26 and d.
26
Let p be 946/4 - 4/8. What is the greatest common divisor of 59 and p?
59
Let g be 1 + ((1 - 0)*-237)/(-1). What is the greatest common factor of g and 68?
34
Suppose 4*j + 105 = 9*j. Suppose 4*r - j = r. Calculate the highest common factor of 28 and r.
7
Suppose -b - 2024 = -2*f - 5*b, -f + 1015 = 5*b. Calculate the greatest common divisor of 30 and f.
10
Suppose -2*z - 22 = -5*o, 2*o - z + 41 = 50. Suppose n + i + 5 = 3*i, 2*i - 6 = 0. Calculate the highest common divisor of n and o.
1
Let d = 449 + -164. What is the highest common factor of 15 and d?
15
Let s be 0/(-19)*(-2)/6. Let h be 8 + s + -3 + 0. Suppose 0 = 3*p - 3*w - 75, -h*p = w - 4*w - 131. What is the highest common factor of 140 and p?
28
Suppose -5*w = 3*u - 3, 4 = -4*w - 4*u - 0*u. Suppose -10*r = -w*r - 336. What is the highest common divisor of r and 16?
16
Suppose 10*p + 11 = 21*p. Calculate the greatest common divisor of p and 81.
1
Let l be (-306)/136*-40*2/6. What is the greatest common factor of 390 and l?
30
Suppose 0*k - 4*k = 120. Let p = 94 + k. What is the highest common factor of p and 8?
8
Let c be 1144/26 + (0 - -1)*3. Let d = 73 - c. What is the highest common factor of 39 and d?
13
Let t = 1538 + -1514. Calculate the greatest common factor of 1752 and t.
24
Suppose -11*i + 855 = -8*i + 3*f, -1155 = -4*i - f. Calculate the highest common factor of i and 232.
58
Suppose 21 